es 33 divide 2640?
True
Does 14 divide 46942?
True
Is 2016 a multiple of 7?
True
Does 10 divide 1770?
True
Is 13 a factor of 17482?
False
Does 74 divide 13246?
True
Is 13255 a multiple of 13?
False
Does 15 divide 21148?
False
Is 17 a factor of 34?
True
Is 3 a factor of 228?
True
Is 74 a factor of 1860?
False
Does 126 divide 11139?
False
Is 4336 a multiple of 23?
False
Does 4 divide 463?
False
Does 4 divide 3050?
False
Is 15 a factor of 135?
True
Is 23 a factor of 29302?
True
Does 168 divide 1848?
True
Is 28 a factor of 28005?
False
Is 22 a factor of 1232?
True
Is 3 a factor of 7497?
True
Is 10 a factor of 374?
False
Is 10 a factor of 693?
False
Is 689 a multiple of 53?
True
Does 77 divide 924?
True
Is 4 a factor of 13172?
True
Is 27600 a multiple of 276?
True
Is 6 a factor of 534?
True
Is 8364 a multiple of 54?
False
Does 33 divide 47751?
True
Is 66 a multiple of 31?
False
Is 140 a factor of 12320?
True
Is 1344 a multiple of 84?
True
Does 15 divide 4246?
False
Is 84 a factor of 38972?
False
Is 2 a factor of 196?
True
Is 928 a multiple of 33?
False
Is 4888 a multiple of 47?
True
Is 32 a factor of 6886?
False
Is 1596 a multiple of 29?
False
Does 95 divide 18414?
False
Is 63 a factor of 64?
False
Does 45 divide 12465?
True
Is 10 a factor of 1211?
False
Does 4 divide 344?
True
Does 35 divide 2170?
True
Is 58 a factor of 38628?
True
Is 59 a factor of 118?
True
Does 47 divide 987?
True
Is 360 a multiple of 18?
True
Does 155 divide 18965?
False
Does 8 divide 104544?
True
Does 7 divide 52?
False
Does 6 divide 4813?
False
Is 351 a multiple of 13?
True
Is 17 a factor of 578?
True
Does 13 divide 40866?
False
Is 48675 a multiple of 75?
True
Is 2321 a multiple of 3?
False
Is 11 a factor of 803?
True
Is 29 a factor of 986?
True
Is 51462 a multiple of 41?
False
Is 18818 a multiple of 6?
False
Is 17 a factor of 831?
False
Is 817 a multiple of 19?
True
Is 255 a multiple of 17?
True
Does 10 divide 668?
False
Does 17 divide 4114?
True
Does 21 divide 1062?
False
Is 116 a factor of 68926?
False
Does 19 divide 11666?
True
Is 22422 a multiple of 11?
False
Does 3 divide 320?
False
Is 578 a multiple of 17?
True
Is 1360 a multiple of 15?
False
Is 1038 a multiple of 16?
False
Does 21 divide 2731?
False
Is 11736 a multiple of 9?
True
Is 3837 a multiple of 20?
False
Is 110 a factor of 3935?
False
Is 91373 a multiple of 14?
False
Does 23 divide 5888?
True
Does 20 divide 19620?
True
Is 2323 a multiple of 28?
False
Is 900 a multiple of 9?
True
Is 103 a factor of 40876?
False
Does 13 divide 38851?
False
Does 28 divide 224?
True
Does 8 divide 6454?
False
Does 44 divide 1128?
False
Is 42 a factor of 88536?
True
Is 30 a factor of 2100?
True
Does 12 divide 46776?
True
Does 145 divide 12866?
False
Is 374 a multiple of 22?
True
Is 36 a factor of 4080?
False
Does 9 divide 10831?
False
Is 23893 a multiple of 12?
False
Is 5 a factor of 147?
False
Does 13 divide 975?
True
Is 92 a factor of 1104?
True
Is 22031 a multiple of 22?
False
Does 22 divide 506?
True
Does 157 divide 19010?
False
Is 37 a factor of 369?
False
Is 102 a factor of 204?
True
Does 28 divide 1769?
False
Does 113 divide 9718?
True
Is 37 a factor of 259?
True
Does 12 divide 42228?
True
Does 36 divide 864?
True
Is 757 a multiple of 20?
False
Is 2100 a multiple of 40?
False
Does 35 divide 13540?
False
Is 13 a multiple of 4?
False
Is 6414 a multiple of 36?
False
Is 3012 a multiple of 6?
True
Does 5 divide 225?
True
Is 1232 a multiple of 14?
True
Is 89 a factor of 12460?
True
Is 9180 a multiple of 17?
True
Does 12 divide 34856?
False
Is 1032 a multiple of 12?
True
Is 44 a multiple of 44?
True
Does 131 divide 1655?
False
Does 143 divide 11729?
False
Is 201 a factor of 40267?
False
Does 2 divide 67?
False
Does 2 divide 1128?
True
Is 128 a factor of 4186?
False
Does 33 divide 2904?
True
Is 60 a factor of 3060?
True
Does 15 divide 8730?
True
Does 21 divide 2834?
False
Is 16 a factor of 480?
True
Does 27 divide 184619?
False
Is 6174 a multiple of 98?
True
Is 2654 a multiple of 108?
False
Is 850 a multiple of 2?
True
Is 2681 a multiple of 81?
False
Is 21 a factor of 1115?
False
Is 25 a factor of 10000?
True
Does 43 divide 285?
False
Does 45 divide 4750?
False
Is 482 a multiple of 6?
False
Is 5 a factor of 7061?
False
Is 14 a factor of 1744?
False
Is 4 a factor of 361?
False
Is 15677 a multiple of 3?
False
Is 18 a factor of 342?
True
Is 338 a multiple of 2?
True
Is 1656 a multiple of 75?
False
Is 151 a multiple of 11?
False
Is 36 a factor of 4982?
False
Does 356 divide 95914?
False
Does 50 divide 350?
True
Does 3 divide 96?
True
Is 1136 a multiple of 6?
False
Does 6 divide 66071?
False
Is 114 a factor of 4071?
False
Is 2 a factor of 180?
True
Is 55 a factor of 165?
True
Is 16 a factor of 478?
False
Does 278 divide 3218?
False
Does 22 divide 170?
False
Does 27 divide 212?
False
Is 12672 a multiple of 36?
True
Does 48 divide 23550?
False
Is 35 a factor of 770?
True
Is 23 a factor of 1564?
True
Is 271 a factor of 44444?
True
Is 46 a multiple of 2?
True
Does 3 divide 1104?
True
Is 1820 a multiple of 10?
True
Is 32868 a multiple of 249?
True
Is 5129 a multiple of 12?
False
Does 13 divide 4784?
True
Is 5 a factor of 90?
True
Is 8500 a multiple of 170?
True
Is 11221 a multiple of 126?
False
Is 57 a factor of 2366?
False
Is 23 a factor of 713?
True
Is 19237 a multiple of 68?
False
Is 25 a factor of 725?
True
Is 91 a factor of 2639?
True
Is 4158 a multiple of 154?
True
Is 2 a factor of 27?
False
Is 9306 a multiple of 47?
True
Does 4 divide 12?
True
Is 18 a factor of 3612?
False
Is 34 a factor of 2911?
False
Is 484 a multiple of 22?
True
Does 19 divide 10165?
True
Is 24 a factor of 312?
True
Is 3544 a multiple of 28?
False
Is 15 a factor of 358?
False
Is 17 a factor of 4599?
False
Is 46 a factor of 782?
True
Is 121 a factor of 2746?
False
Is 62 a factor of 5146?
True
Does 13 divide 2403?
False
Does 13 divide 25121?
False
Is 4921 a multiple of 7?
True
Is 33 a factor of 1089?
True
Is 504 a multiple of 18?
True
Is 4728 a multiple of 23?
False
Is 14 a factor of 141082?
False
Is 425 a multiple of 17?
True
Does 22 divide 952?
False
Is 1349 a multiple of 17?
False
Is 12 a factor of 2064?
True
Is 701 a multiple of 10?
False
Is 3 a factor of 113?
False
Is 465 a multiple of 31?
True
Does 19 divide 7752?
True
Does 22 divide 594?
True
Is 300 a multiple of 25?
True
Is 100 a factor of 19200?
True
Is 533 a multiple of 6?
False
Does 40 divide 4400?
True
Is 22 a factor of 1551?
False
Is 3192 a multiple of 6?
True
Does 10 divide 14531?
False
Is 1039 a multiple of 3?
False
Is 85 a factor of 6885?
True
Is 33 a factor of 5016?
True
Is 32615 a multiple of 3?
False
Is 93 a factor of 71354?
False
Is 44 a factor of 31267?
False
Is 2147 a multiple of 19?
True
Does 4 divide 492?
True
Does 3 divide 38451?
True
Is 65 a factor of 854?
False
Does 20 divide 60?
True
Is 709 a multiple of 30?
False
Is 48 a factor of 6244?
False
Is 11 a factor of 3212?
True
Is 313 a multiple of 6?
False
Does 13 divide 342?
False
Is 560 a multiple of 56?
True
Is 1001 a multiple of 11?
True
Is 4 a factor of 32624?
True
Is 62 a factor of 69998?
True
Does 91 divide 417?
False
Does 10 divide 20?
True
Is 42 a multiple of 20?
False
Is 51 a factor of 6653?
False
Does 46 divide 1932?
True
Is 43 a factor of 18618?
False
Is 99 a factor of 297?
True
Is 25 a factor of 13296?
False
Is 2717 a multiple of 13?
True
Is 154 a multiple of 22?
True
Is 59048 a multiple of 61?
True
Is 176 a multiple of 9?
False
Does 6 divide 1401?
False
Is 267 a multiple of 18?
False
Is 3531 a multiple of 15?
False
Is 3950 a multiple of 50?
True
Does 90 divide 38160?
True
Is 46 a factor of 1218?
False
Is 8870 a multiple of 7?
False
Is 14 a factor of 4935?
False
Is 17955 a multiple of 45?
True
Does 4 divide 357?
False
Is 26 a factor of 2145?
False
Is 19 a factor of 465?
False
Is 21 a factor of 349?
False
Is 19 a factor of 1226?
False
Is 1350 a multiple of 150?
True
Is 4664 a multiple of 44?
True
Is 23 a factor of 1379?
False
Is 17486 a multiple of 127?
False
Is 313 a multiple of 32?
False
Does 2 divide 15506?
True
Is 29 a factor of 78054?
False
Is 6085 a multiple of 8?
False
Does 9 divide 333?
True
Is 31957 a multiple of 67?
False
Is 63 a factor of 641?
False
Does 33 divide 6469?
False
Is 14 a factor of 2073?
False
Does 123 divi